 b6 - 3?
b3
In base 14, what is 6057 - 4?
6053
In base 7, what is 5 - -4045?
4053
In base 4, what is -133331 - -2?
-133323
In base 5, what is 130 + 11?
141
In base 13, what is 308 - b?
2ca
In base 6, what is -15323 + -10?
-15333
In base 10, what is -1 + -4?
-5
In base 6, what is 141244 - 4?
141240
In base 12, what is 2 + -103?
-101
In base 9, what is 284 + 5?
300
In base 14, what is 18 + -12c?
-114
In base 9, what is 11 + -26?
-15
In base 13, what is c - -67?
76
In base 7, what is -220 + -23?
-243
In base 14, what is 11 - 21?
-10
In base 10, what is -1 - 2946?
-2947
In base 5, what is -3343 - 0?
-3343
In base 9, what is -70 + 521?
441
In base 16, what is -3 + -b8d?
-b90
In base 13, what is a + -9?
1
In base 10, what is 1 - -92?
93
In base 8, what is -70 + -1?
-71
In base 8, what is -157 - 21?
-200
In base 9, what is 111 + -27?
73
In base 4, what is -101 + -31?
-132
In base 3, what is 12021 - 1?
12020
In base 2, what is 10110 + 1001?
11111
In base 10, what is 765 + 8?
773
In base 13, what is -8 + -16?
-21
In base 12, what is -48 - 9a?
-126
In base 5, what is 3 + -210?
-202
In base 8, what is 22065 + 1?
22066
In base 11, what is 193 + -11?
182
In base 2, what is -11 + 1100110011?
1100110000
In base 5, what is -4 + 11122?
11113
In base 6, what is -423 + 33?
-350
In base 16, what is 1a + -1?
19
In base 7, what is 104 + -2?
102
In base 5, what is -212 - 11?
-223
In base 2, what is 1000001101 + 111?
1000010100
In base 4, what is -1000221 - 0?
-1000221
In base 16, what is -19 - -271?
258
In base 3, what is -100 + -21?
-121
In base 4, what is 111 + -12?
33
In base 16, what is 1 - b95?
-b94
In base 8, what is -26 + 4?
-22
In base 5, what is -112423 + -3?
-112431
In base 11, what is 2a - 77?
-48
In base 2, what is -11111000 + 1001?
-11101111
In base 5, what is -433 + -3?
-441
In base 12, what is 30a - -7?
315
In base 11, what is -231 + 2?
-22a
In base 12, what is -a07 - -3?
-a04
In base 10, what is -9 - 0?
-9
In base 5, what is 0 - 3041?
-3041
In base 2, what is -1100001000 - 1?
-1100001001
In base 7, what is -14363 + -2?
-14365
In base 15, what is dc + 2?
de
In base 7, what is -11 + 156?
145
In base 11, what is 9426 - -1?
9427
In base 2, what is -1111001 - 1111?
-10001000
In base 14, what is 5 + d?
14
In base 9, what is 510 - -6?
516
In base 5, what is -2 + -10412?
-10414
In base 5, what is -2040134 - 0?
-2040134
In base 4, what is -11 - 23122?
-23133
In base 15, what is -6 - -1c6?
1c0
In base 12, what is 33b8 + 0?
33b8
In base 11, what is -27 - -9?
-19
In base 15, what is -276 + 0?
-276
In base 2, what is -10 - -10100100101?
10100100011
In base 6, what is -20 + 44?
24
In base 8, what is -42636 + 1?
-42635
In base 6, what is -4522 - 1?
-4523
In base 12, what is -131 - 5?
-136
In base 4, what is -112 - -1231?
1113
In base 5, what is -401 - 103?
-1004
In base 14, what is 1 - -140d?
1410
In base 4, what is -1113 + -11?
-1130
In base 9, what is 155 + 18?
174
In base 4, what is -100333 - 1?
-101000
In base 5, what is 1024 + 0?
1024
In base 14, what is 1 + -58?
-57
In base 5, what is 43 - -1144?
1242
In base 9, what is 270 - -14?
284
In base 16, what is -80b - 4?
-80f
In base 3, what is -20 + 12110?
12020
In base 7, what is 2 - -266?
301
In base 5, what is 10013 - -3?
10021
In base 8, what is 413 - -4?
417
In base 7, what is -356 - 12?
-401
In base 11, what is -4 - -16?
12
In base 7, what is -36 + 141?
102
In base 9, what is -88 - -2?
-86
In base 11, what is -5 + 99?
94
In base 8, what is -7 + 1?
-6
In base 12, what is -a1 + -3?
-a4
In base 4, what is -3 + 210111?
210102
In base 6, what is 133 + -4?
125
In base 13, what is 2 - -ba?
bc
In base 14, what is 0 - 24?
-24
In base 12, what is -5 - 967?
-970
In base 12, what is -1a6 - -1?
-1a5
In base 6, what is -1 + 2411?
2410
In base 16, what is 5 - 22?
-1d
In base 15, what is 2 + -1?
1
In base 3, what is 12112 + 0?
12112
In base 6, what is 2 + -150?
-144
In base 14, what is -46 - 1?
-47
In base 10, what is 12 + -17?
-5
In base 3, what is 0 + 1220120?
1220120
In base 5, what is 4 - -4121?
4130
In base 5, what is -4422 + -21?
-4443
In base 7, what is 2 - -262?
264
In base 4, what is -1122 - -1111?
-11
In base 10, what is 5 + -168?
-163
In base 2, what is -11011000000 - -110?
-11010111010
In base 10, what is -188 + -1?
-189
In base 5, what is -4400 - -4?
-4341
In base 14, what is -3 + 699?
696
In base 16, what is -1a - 31?
-4b
In base 3, what is 120 - 100002?
-22112
In base 8, what is 1 + -410?
-407
In base 14, what is 8 + 30a?
314
In base 2, what is -10000111 - 1011000?
-11011111
In base 3, what is 11 - 20210?
-20122
In base 2, what is 111 - -1100110000?
1100110111
In base 10, what is -4 - -26?
22
In base 3, what is -1010 + -220?
-2000
In base 4, what is -220023 - -20?
-220003
In base 10, what is -33 + -181?
-214
In base 13, what is 123 - 29?
c7
In base 12, what is -25 - -ab?
86
In base 9, what is 27 - 10?
17
In base 4, what is -32 - -101?
3
In base 14, what is -554 - 4?
-558
In base 3, what is -12 - 11012120?
-11012202
In base 3, what is -1121 + 12002?
10111
In base 2, what is -100 - -100100100010?
100100011110
In base 7, what is -5 + -312?
-320
In base 4, what is 1103010 + 2?
1103012
In base 3, what is 1 - -10020000?
10020001
In base 8, what is -4 + -427?
-433
In base 15, what is -506 + -19?
-520
In base 11, what is -4 + -40?
-44
In base 14, what is 101 + -4?
db
In base 5, what is -11 + 33?
22
In base 6, what is 1 + 32?
33
In base 5, what is 2131 - 123?
2003
In base 12, what is 2 - -42?
44
In base 7, what is -61 - 305?
-366
In base 12, what is -4148 + -1?
-4149
In base 14, what is b6 - -5?
bb
In base 10, what is -5 - 66?
-71
In base 11, what is -3 + 108a?
1087
In base 7, what is 0 - -55?
55
In base 4, what is -1010 + -3?
-1013
In base 14, what is -1 - 122?
-123
In base 10, what is 403 + -2?
401
In base 16, what is 348 + -b?
33d
In base 8, what is -36 + 4?
-32
In base 14, what is -1c1 - 6?
-1c7
In base 6, what is 2 + 15302?
15304
In base 4, what is -21 - 33?
-120
In base 10, what is -5 - -1155?
1150
In base 12, what is -10 + -61?
-71
In base 9, what is 265 - 1?
264
In base 4, what is 130 - -230?
1020
In base 13, what is -10bc - 3?
-10c2
In base 16, what is 20 + -17?
9
In base 12, what is 574 + 0?
574
In base 16, what is -5 - 3?
-8
In base 16, what is -43 + 0?
-43
In base 15, what is -14c - -4?
-148
In base 11, what is -11 + 19?
8
In base 14, what is 13 + 6?
19
In base 6, what is -14 - 2213?
-2231
In base 8, what is -136 + -5?
-143
In base 6, what is -4 - -1055?
1051
In base 4, what is -10321 - 1?
-10322
In base 13, what is -3 + 1ba?
1b7
In base 14, what is 3 + -1db?
-1d8
In base 14, what is 1b2d + 5?
1b34
In base 13, what is 3190 - -4?
3194
In base 11, what is -6 - 416?
-421
In base 7, what is 56 - 12?
44
In base 11, what is 8 - 40?
-33
In base 13, what is 2 - -19?
1b
In base 11, what is 3 - -28?
30
In base 11, what is 0 + 34?
34
In base 14, what is -15 - -a0?
89
In base 13, what is 7 + -11?
-7
In base 12, what is b03 - -2?
b05
In base 14, what is -5d + 1?
-5c
In base 16, what is d + -e?
-1
In base 2, what is 111000001 + 101?
111000110
In base 8, what is -7 - 7?
-16
In base 6, what is -1 - 103?
-104
In base 16, what is -3 - 3e?
-41
In base 11, what is 107 - 6?
101
In base 12, what is 12 + 6?
18
In base 15, what is 3 - 7?
-4
In base 4, what is -201 - -323?
122
In base 11, what is 1 - 137?
-136
In base 7, what is -2 - 2634?
-2636
In base 10, what is -3 + 275?
272
In base 16, what is 2535 - -3?
2538
In base 3, what is -100 + -1?
-101
In base 10, what is 16 - 2?
14
In base 3, what is -12 - -202?
120
In base 6, what is 224 - -5?
233
In base 8, what is -11776 + 0?
-11776
In base 13, what is 2 + -5b?
-59
In base 6, what is 0 - 133?
-133
In base 16, what is 2e + -2?
2c
In base 12, what is -3 + 252?
24b
In base 16, what is 41b + 1?
41c
In base 11, what is 2 - -149?
150
In base 15, what is 19 - -56?
70
In base 4, what is -2 + -111?
-113
In base 2, what is -101 - 110?
-1011
In base 11, what is -2 + -809?
-810
In base 13, what is 19 - -22?
3b
In base 7, what is -13 + 16?
3
In base 14, what is 4 - 4a?
-46
In base 6, what is -40521 + -5?
-40530
In base 8, what is 24 - -23?
47
In base 8, what is 612 - -2?
614
In base 9, what is -3 + -12?
-15
In base 7, what is 456 - 15?
441
In base 14, what is -2 - 201?
-203
In base 3, what